936. Let s = 1661 + p. Is s a prime number?
False
Let o = 9 + 18. Let m = 30 - -52. Let j = m - o. Is j a composite number?
True
Let z(u) = 20*u**3 + 10*u**2 + 2*u + 5. Is z(7) composite?
False
Suppose 0 = 5*u - 10*u + 10. Let p(b) = 28*b**3 - 4*b**2 + b + 2. Let g be p(u). Suppose -6*x + 232 = -g. Is x a composite number?
True
Suppose m + 158718 = 15*m. Is m composite?
True
Suppose 0*j = -2*j - d + 11, -4*d - 34 = -5*j. Suppose j*c - 5*c = 2. Suppose 7*i - 3*i - y = 53, 2*y + c = 0. Is i prime?
True
Let p = -18 + 18. Let d be -7*(-2 + 1 + p). Is d + -10 - 1*-184 a composite number?
False
Suppose 5*h = 4*h + 2. Suppose v - 4*t + 15 = 0, 2*v - h*t + 0*t = -12. Let c(b) = 4*b**2 + 3. Is c(v) composite?
True
Let d(z) = -90*z + 37. Is d(-18) a composite number?
False
Let o be -5 + 81/12 + (-1)/(-4). Suppose -4*s = -o*s + 3*x - 160, 5*s = 5*x + 425. Is s prime?
True
Is 6*4/(-40) - 74186/(-35) a composite number?
True
Suppose 0 = -4*f - z + 27216, 4*f + 2*z - 27224 = -z. Is f a composite number?
False
Suppose j = -5*j + 4146. Is j a composite number?
False
Let a = -2321 + 4398. Is a prime?
False
Suppose 960 = -21*p + 16*p. Let m = 593 + p. Is m prime?
True
Suppose -46 + 10 = -3*g. Let f be (-1)/2 - (-4722)/g. Suppose 6*b = 3*b + f. Is b a prime number?
True
Let u = -8 + 6. Let h(q) be the third derivative of 23*q**5/60 - q**4/12 + q**3/6 - 17*q**2 - 2. Is h(u) composite?
False
Let f = 32 + -32. Suppose f = 3*m - 5*s - 1571, -2*m - 4*s + 501 = -m. Is m a composite number?
True
Suppose -172469 = -58*i + 205749. Is i prime?
True
Let m(u) = u**3 + 3*u**2 - 12*u - 3. Let l be m(-5). Is (-6957)/(-21) + (-2)/l a composite number?
False
Let k = 4835 - -8976. Is k composite?
True
Suppose 3 = -5*y + 3*x, x + 2*x + 18 = -2*y. Is y/12 - (-425)/4 composite?
True
Let l(j) = -j**2 - j + 6. Suppose -6 = -9*b + 7*b. Suppose -3*v = b*v. Is l(v) prime?
False
Suppose -17 = -x + 9. Let o = -16 + x. Suppose 2*s - 20 = o. Is s composite?
True
Let v(q) = -1310*q - 61. Is v(-6) composite?
True
Let u(p) = 108*p**2 - 3*p + 6. Let m be u(4). Suppose 0 = 3*q - 3*l - m, 5*l + 992 + 732 = 3*q. Suppose -25*g - q = -28*g. Is g composite?
False
Let q(m) = 144*m**2 + 5*m + 4. Let k be q(-2). Let d = k + -404. Is d a prime number?
False
Let c(q) = 4*q**2 + 11*q + 18. Let u be (27 - 24)*((-17)/(-3) + -2). Is c(u) a composite number?
True
Let w = 76 + -44. Suppose -5*c = -c + w. Is c + 1 - -4 - -160 a composite number?
False
Let c be 3767 + 2 + -4 + 4. Suppose -c = -2*q + 3805. Is q composite?
True
Suppose g + 3*d = 9, 1 = g + d - 4. Let r(h) = g*h**3 - 2*h**3 - 5*h**3 - 5 + 9*h**2 + 4*h + 3*h**3. Is r(9) composite?
False
Let h be 58/((-4)/(-2))*1. Let i = -26 + h. Suppose 0 = -2*k - i*t + 2143, -t + 4259 = 4*k - 4*t. Is k composite?
True
Let l(y) = -32752*y + 1. Is l(-1) composite?
True
Suppose 0 = -125*w + 118*w + 963697. Is w a prime number?
False
Let z = 5415 + 776. Is z prime?
False
Suppose 0 = -s - 1, 2*z + 0*s - 3 = -s. Let m be ((-88)/(-132))/((4/18)/1). Suppose m*a - z*a = 5*w + 148, 5*a - 2*w = 671. Is a a composite number?
True
Let b(x) = 2535*x - 353. Is b(2) composite?
True
Suppose 0*n = 3*n - 4*m - 32, -3*n - 3 = 3*m. Let s be n*(-3 + 93/2). Suppose 0 = -2*g + 676 - s. Is g a composite number?
False
Let w be -2 + -1 + 14 + 1. Let t(v) be the third derivative of v**6/120 - 13*v**5/60 + 17*v**4/24 - v**3/3 - v**2 + 1. Is t(w) a prime number?
False
Is (-7*1)/((-3)/267) composite?
True
Suppose 0 = 67*m - 5318 + 829. Is m composite?
False
Let w be 154763/21 - (-3)/9. Suppose 3*u = 13*u - w. Is u a composite number?
True
Let c(z) be the first derivative of -17*z**2/2 + 7*z + 4. Suppose -5*s - 10 = 5*f, 5*f + 3*s + 6 = -6. Is c(f) prime?
False
Suppose 146*v + 3576 = 154*v. Is v composite?
True
Suppose 0*j = 2*j - 8090. Is j a composite number?
True
Let u(s) be the second derivative of s**4/12 + 5*s**3/6 + 17*s**2/2 + s. Is u(-18) a prime number?
True
Let t be (6 + (-1721 - 9))*(-6)/8. Suppose -5*m = -t + 283. Is m a composite number?
True
Let m(h) = h**2 - 25*h - 56. Let p be m(27). Is -17*(p - (4 + 7)) composite?
True
Let c be (-2 - (-6936)/9)*3. Suppose -13*p - 473 = -c. Is p prime?
False
Suppose -5*l + 3*p = -21448, 0*p - 3*p = -2*l + 8581. Is l a composite number?
False
Let q(x) = 231*x + 26. Is q(1) composite?
False
Suppose 4*t + 164 = 4*f + 708, 2*t - 3*f = 274. Let v = t - -2199. Is v prime?
True
Let t be (30/(-9))/(4/(-12)). Suppose -2*j + 7*j - 812 = -2*a, 5*j - t = 0. Is a a prime number?
True
Suppose 2*l - 5*d - 809 = 0, 4*l + 2*d = 3*d + 1591. Is l prime?
True
Let j be (-2)/(-7) - (-5)/7. Let k(c) be the second derivative of 19*c**5/5 + c**4/6 - c**3/6 - 234*c. Is k(j) a composite number?
True
Let p(h) = 4*h**2 + 3*h. Let n be p(-2). Suppose 3*v - n = -4. Suppose 5*x - 12 - 88 = -5*i, 0 = 5*x + v*i - 97. Is x prime?
True
Let p = 15570 - 10876. Is p a prime number?
False
Let w be (160/(-12))/(6/(-27)). Suppose -2*t + 58 + w = 0. Is t composite?
False
Let h(u) = -u**2 + 2*u + 3. Let c be h(-12). Let s = c + 308. Is s a prime number?
False
Let t(q) = q - 5. Let p be t(16). Suppose -9 - p = -4*s. Suppose -2*c + w = c - 1066, s*w = -5. Is c a composite number?
True
Let o = 5 + -3. Let p(d) = 26*d**3 - d**2 - 2*d - 1. Is p(o) a composite number?
False
Let n be 4 + -6 - 0/(7 + -4). Suppose -a - 2*a + 27 = 0. Let j = a - n. Is j prime?
True
Let i = 179 - -1366. Suppose -4*w + w = 6, 5*w = 5*x - i. Is x a composite number?
False
Let c be (-12)/4 + -2 - 23. Is -1 - (-26)/(-4)*c a composite number?
False
Let x(m) = 62*m - 17. Is x(27) prime?
True
Suppose 2*o - 1610 = -9*x + 4*x, -o + x = -805. Suppose -14*p + 19*p - o = 0. Is p prime?
False
Let u = -26 - -32. Suppose u*f - 8*f = -62. Is f a composite number?
False
Is (12/6)/((-2)/(-4703)) prime?
True
Is (-5)/80*5147*-4*4 a prime number?
True
Let k = 7 + -7. Suppose 4*i - 216 - 308 = k. Let h = i + 426. Is h composite?
False
Let u(z) = z**2 - 4. Let y be u(3). Suppose -493 = -y*k + 142. Is k a composite number?
False
Is 6124 + -1 + -3 + -1 prime?
False
Suppose a - 24761 = 6*v, -3*a + 6*v = 3*v - 74223. Is a a composite number?
True
Let y = 4980 - 2881. Is y a prime number?
True
Let y = -29 + 28. Is (23 - 22)/((2/(-742))/y) composite?
True
Let u be -4*(-3 + 15/6). Let f be ((-692)/16)/(u/(-24)). Suppose -4*d + 393 = -k, -5*d + 5*k + f = 9. Is d a composite number?
False
Suppose 2*w = -8*p + 11*p + 78173, 3*w - 117253 = -2*p. Is w composite?
True
Let v be (-2)/6*(6 + -267). Let g be ((-184)/(-6))/((-2)/v). Is 9/15 + g/(-10) a prime number?
False
Suppose b + 2 = -m - 9, 2*b + 61 = -5*m. Let h be (-2)/m + (-3696)/26. Is -1*4/(8/h) composite?
False
Let s(j) = 26*j**2 + 16*j + 7. Suppose -5*c + 48 = 4*l, -4*l + 41 = -4*c - 7. Is s(l) composite?
False
Let u(w) = 324*w + 8. Let d be u(3). Suppose -3*t + 1449 = 3*c, -c + 5*t + d = c. Is c a composite number?
True
Let r(c) = -213*c**3 + 3*c**2 + c - 4. Let f be r(-3). Suppose 1516 - f = -5*o. Is o prime?
False
Suppose 3*r = -r + 216. Suppose -346 = -4*f - 5*q, -4*q + 402 = 4*f + r. Suppose 12*y - 13*y + f = 0. Is y prime?
True
Let s(k) = 2*k**3 - 6*k**2 - 3. Let d be s(3). Let j(x) = -62*x + 5. Is j(d) a prime number?
True
Let z = 113 + -68. Suppose 4*l = -3*n - n - 84, -5*n + 93 = -4*l. Let t = z - l. Is t a composite number?
False
Let k(f) = f**2 + 3*f + 9. Let m be k(-5). Let t = 19 - m. Suppose -2*o + 53 + 245 = t. Is o composite?
False
Let n be 1 + -5 + 7 + -4. Is 3 + n + 0 - (55 + -8320) a prime number?
False
Suppose 2*v = 4*d - 8, 0 = -v - 2*d + 8. Suppose 4402 = 4*n + f, -4*n - v*f + 6*f = -4412. Is n a prime number?
False
Let h = 550 - -203. Suppose d + h = 4*d. Suppose 5*p = 3*k + 4*p - d, 3*k + 2*p = 263. Is k prime?
False
Let u = 38 + -146. Let a be (u/8)/((-3)/44). Suppose -4*s + 550 + a = 0. Is s prime?
False
Let b = 43080 - 30563. Is b a prime number?
True
Let w be (-5)/(25/890) + -1. Let h = w - -1126. Let q = h + -568. Is q a prime number?
True
Let d(g) = 175*g**2 + 11*g - 13. Is d(6) composite?
False
Let x = 78 + 32. Suppose -b = b - x. Is b composite?
True
Suppose 5*j - 5*c - 837 = j, -381 = -2*j - 5*c. Is j prime?
False
Suppose -39*w = -32*w - 28. Suppose -3*y - 41 = -4*y - 5*j, -w = -j. Is y composite?
True
Let g = 82 - 132. Is 3*19 - (g/(-5))/(-5) composite?
Fals